t is 3 - bac0c?
-bac09
In base 15, what is 7262 - 5?
725c
In base 8, what is 2633 - 2?
2631
In base 3, what is 1110 + -2202011010?
-2202002200
In base 12, what is 39 + 213?
250
In base 6, what is -100 - 315205?
-315305
In base 7, what is 0 - 31506?
-31506
In base 13, what is 7a33c1 - 3?
7a33bb
In base 5, what is 413 - 210423?
-210010
In base 2, what is -101 + -100001000110110?
-100001000111011
In base 13, what is 71 + aa?
14b
In base 9, what is 126130 - -21?
126151
In base 8, what is 2124604 + 5?
2124611
In base 8, what is 40 + -701?
-641
In base 14, what is -7695 - -36?
-765d
In base 2, what is 100110 + -10001111110?
-10001011000
In base 15, what is -3 - bb1?
-bb4
In base 6, what is 1 - -5325304?
5325305
In base 6, what is -2 - -1055404?
1055402
In base 8, what is -2 - -1123014?
1123012
In base 12, what is 381 - 31?
350
In base 9, what is -5 - 32488?
-32504
In base 16, what is -1 + -47d56?
-47d57
In base 2, what is 1011101001001 + 10?
1011101001011
In base 2, what is 1001000110101101010101 - 1?
1001000110101101010100
In base 16, what is 58 + -366a?
-3612
In base 13, what is -3 - -1bc242?
1bc23c
In base 4, what is -1 + 1031101?
1031100
In base 2, what is -101000 + 10000000001011?
1111111100011
In base 14, what is -b8 - 5aa7?
-5b81
In base 16, what is -2 - -51a?
518
In base 15, what is -12cd + -e?
-12dc
In base 8, what is 35265 + 6?
35273
In base 4, what is 3231112 - 10?
3231102
In base 11, what is -17 + 1969a?
19683
In base 14, what is 3 - b1602?
-b15dd
In base 6, what is 1113 + -12?
1101
In base 13, what is -4 - -1676?
1672
In base 11, what is 3 + -7001?
-6aa9
In base 5, what is -1332 + 312?
-1020
In base 11, what is 28139 + 5?
28143
In base 3, what is -121020011 + 11?
-121020000
In base 4, what is -10 + -20223?
-20233
In base 6, what is -321000 - 11?
-321011
In base 3, what is -121000110 - -121?
-120222212
In base 4, what is 10 + -12233031?
-12233021
In base 10, what is -123215 + 3?
-123212
In base 10, what is -274 - -404?
130
In base 4, what is -32110 - -30013?
-2031
In base 15, what is 140658 + -1?
140657
In base 2, what is -1 - 11100011100101001?
-11100011100101010
In base 15, what is 3 + -3d0d?
-3d0a
In base 7, what is -123 - 11511?
-11634
In base 7, what is 2265 - 21543?
-16245
In base 13, what is 5 - -15ac?
15b4
In base 6, what is 4 - -322454?
322502
In base 10, what is -16 - 3390?
-3406
In base 16, what is 1494ce + 4?
1494d2
In base 10, what is -168 - 4196?
-4364
In base 2, what is 1 - 1001110001110101?
-1001110001110100
In base 3, what is -10002 - 221010002?
-221020011
In base 10, what is 20369 + -13?
20356
In base 5, what is -230 + 13033?
12303
In base 3, what is -1002 + -11101020?
-11102022
In base 15, what is 21ca6 - 9?
21c9c
In base 11, what is 1818 - 307?
1511
In base 3, what is 101000010 + -10220?
100212020
In base 2, what is -110000 + -11001111000?
-11010101000
In base 10, what is 1 + -84755?
-84754
In base 7, what is 204362 - 5?
204354
In base 11, what is -9834 + 0?
-9834
In base 8, what is 4 + 1017217?
1017223
In base 6, what is -1502433 - 35?
-1502512
In base 9, what is 11 + 42176?
42187
In base 14, what is -2c1 + 2?
-2bd
In base 7, what is -2231 + -12?
-2243
In base 9, what is 1 - 18140?
-18138
In base 2, what is -1000001011111111 + -11001?
-1000001100011000
In base 3, what is 22010102 - -12?
22010121
In base 14, what is 3c5 + 1?
3c6
In base 11, what is 73 + 104?
177
In base 4, what is -10030 + 1003111?
333021
In base 14, what is -d74 - -47c?
-8d6
In base 9, what is -2604 + 2?
-2602
In base 7, what is -32465 + 213?
-32252
In base 7, what is -111 + -3302?
-3413
In base 2, what is -1100000111000011100110 + 0?
-1100000111000011100110
In base 8, what is 6 + -14170?
-14162
In base 8, what is 275 + 1164?
1461
In base 2, what is 101110101 + -11000010?
10110011
In base 13, what is -12657 - -2b?
-12629
In base 10, what is 14 + 104324?
104338
In base 8, what is 2 - -1412654?
1412656
In base 9, what is 217 + 137?
355
In base 15, what is -d360 - 6?
-d366
In base 4, what is 13131001 + -11?
13130330
In base 13, what is 165a7 - 2?
165a5
In base 14, what is 128 + 98?
1c2
In base 16, what is 971 + 35b?
ccc
In base 8, what is 704 + -1551?
-645
In base 2, what is -11100 + 11010000000100000?
11010000000000100
In base 7, what is 3 + 106152?
106155
In base 5, what is 1 + 2424240?
2424241
In base 7, what is -10005 - -214?
-6461
In base 5, what is 2430 - 11111?
-3131
In base 11, what is -2376 + 3?
-2373
In base 2, what is 1010010010010 - -11?
1010010010101
In base 5, what is -11 - -130214?
130203
In base 3, what is 22120100021 + -1002?
22120022012
In base 10, what is -1 - -16020?
16019
In base 3, what is -12211100012 + -10?
-12211100022
In base 16, what is -14ce - -6?
-14c8
In base 4, what is 1010223013 - 3?
1010223010
In base 9, what is -1440 + -233?
-1673
In base 12, what is 50 - 14b4a?
-14aba
In base 16, what is 5 + 3fb4?
3fb9
In base 2, what is -10101 - -1001010010111?
1001010000010
In base 16, what is -3 + -33cd?
-33d0
In base 10, what is 6 - -121080?
121086
In base 13, what is -847aa + 8?
-847a2
In base 11, what is -1029 - -56?
-a83
In base 11, what is 11 - -a50?
a61
In base 12, what is -272 - 143?
-3b5
In base 10, what is -3 + -90535?
-90538
In base 4, what is 2320 + -2222?
32
In base 8, what is -4042 + -630?
-4672
In base 12, what is -2a6 + -968?
-1052
In base 16, what is -4 + db0?
dac
In base 8, what is 26 + 3247?
3275
In base 3, what is 10211021021 - 2111?
10211011210
In base 7, what is 526 - -1363?
2222
In base 4, what is 13022 + -1021233?
-1002211
In base 15, what is 477 + 542?
9b9
In base 5, what is -30333 + -10?
-30343
In base 5, what is -13014423 + 2?
-13014421
In base 2, what is -10010011110111111010 + -11?
-10010011110111111101
In base 3, what is 112222 + -212021?
-22022
In base 6, what is 14544300 - 1?
14544255
In base 3, what is 11002220 + -12?
11002201
In base 10, what is 204 + 346?
550
In base 14, what is 458a + -7?
4583
In base 2, what is -10010000110001010 - 100?
-10010000110001110
In base 3, what is 221211 + -210?
221001
In base 15, what is -4 - -e94cb?
e94c7
In base 5, what is -11 + 2111101?
2111040
In base 2, what is -100001001001 + -101001001?
-100110010010
In base 7, what is -455 - 1100?
-1555
In base 5, what is -1331 - 11000?
-12331
In base 14, what is -8b + -161?
-20c
In base 15, what is -103a + -b?
-1046
In base 11, what is 2335 - -3?
2338
In base 9, what is 28653 + -11?
28642
In base 7, what is -10 - 4214123?
-4214133
In base 14, what is 61 - -182a?
188b
In base 6, what is -13 + -40403?
-40420
In base 12, what is 137 + -6?
131
In base 13, what is 23c8 + -b?
23ba
In base 12, what is 51b87 - -4?
51b8b
In base 11, what is -2601a + -5?
-26024
In base 16, what is 3533a - 9?
35331
In base 11, what is 0 - 6a2a0?
-6a2a0
In base 14, what is -6253 + d?
-6244
In base 6, what is 310314 - 4?
310310
In base 16, what is 3 + 26b?
26e
In base 8, what is -14 + 164676?
164662
In base 16, what is 108 + -1b34?
-1a2c
In base 16, what is -937 - 18?
-94f
In base 6, what is 14204155 - -2?
14204201
In base 3, what is 1010012201 + 112?
1010020020
In base 16, what is 1a353b - -4?
1a353f
In base 12, what is 2 + -b25?
-b23
In base 3, what is -1111110 + -2001?
-1120111
In base 15, what is 44 + 2?
46
In base 2, what is 11001001111 - -111101101?
100000111100
In base 3, what is 210120022 + 1000?
210121022
In base 5, what is 3 + 201034?
201042
In base 9, what is 23848 - 2?
23846
In base 6, what is -2 - 15041424?
-15041430
In base 15, what is 0 - -1855a?
1855a
In base 8, what is 7 - 167434?
-167425
In base 8, what is -5 - 500436?
-500443
In base 15, what is -12 - 1ca2?
-1cb4
In base 2, what is 1 - 1010110101010011001?
-1010110101010011000
In base 14, what is 84b - -45?
892
In base 6, what is -3553044 - 25?
-3553113
In base 6, what is -14 + -23353503?
-23353521
In base 13, what is -42 + -15398?
-1540a
In base 14, what is 109 - 257b?
-2472
In base 10, what is 13 - 474?
-461
In base 15, what is 79 + -19c?
-123
In base 14, what is 5 - 6d32?
-6d2b
In base 10, what is -4 + -93231?
-93235
In base 4, what is 11 - 110321322?
-110321311
In base 4, what is -11 - 11323133?
-11323210
In base 7, what is -3424 - 45?
-3502
In base 6, what is 14102 - 0?
14102
In base 14, what is -6d4 - 188?
-87c
In base 4, what is 31 - -32020?
32111
In base 16, what is 9f4 + 1?
